{"id":5195,"date":"2016-04-01T15:07:57","date_gmt":"2016-04-01T15:07:57","guid":{"rendered":"http:\/\/www.hoodthemes.com\/hood\/?page_id=5195"},"modified":"2018-07-06T14:05:23","modified_gmt":"2018-07-06T12:05:23","slug":"about-us","status":"publish","type":"page","link":"https:\/\/bfd-partners.com\/index.php\/about-us\/","title":{"rendered":"A propos"},"content":{"rendered":"<p>[vc_row gap=&#8221;35&#8243; padding_top=&#8221;60px&#8221; padding_bottom=&#8221;30px&#8221; css=&#8221;.vc_custom_1469444880858{padding-top: 30px !important;padding-bottom: 30px !important;}&#8221;][vc_column width=&#8221;1\/2&#8243;]<div id=\"ult-carousel-133858639669f840d376e21\" class=\"ult-carousel-wrapper   ult_horizontal\" data-gutter=\"\" data-rtl=\"false\" ><div class=\"ult-carousel-308829208469f840d376bb7 \" >[vc_single_image image=&#8221;9681&#8243; img_size=&#8221;550&#215;500&#8243;][vc_single_image image=&#8221;9696&#8243; img_size=&#8221;550&#215;500&#8243;][vc_single_image image=&#8221;9692&#8243; img_size=&#8221;550&#215;500&#8243;]<\/div><\/div>\t\t\t<script type=\"text\/javascript\">\n\t\t\t\tjQuery(document).ready(function ($) {\n\t\t\t\t\tif( typeof jQuery('.ult-carousel-308829208469f840d376bb7').slick == \"function\"){\n\t\t\t\t\t\t$('.ult-carousel-308829208469f840d376bb7').slick({dots: false,autoplay: true,autoplaySpeed: \"3500\",speed: \"300\",infinite: true,arrows: true,nextArrow: '<button type=\"button\" role=\"button\" aria-label=\"Next\" style=\"color:#ffffff; font-size:20px;background:#3083c9;\" class=\"slick-next square-bg\"><i class=\"ultsl-arrow-right4\"><\/i><\/button>',prevArrow: '<button type=\"button\" role=\"button\" aria-label=\"Previous\" style=\"color:#ffffff; font-size:20px;background:#3083c9;\" class=\"slick-prev square-bg\"><i class=\"ultsl-arrow-left4\"><\/i><\/button>',slidesToScroll:1,slidesToShow:1,swipe: true,draggable: true,touchMove: true,pauseOnHover: true,pauseOnFocus: false,adaptiveHeight: true,responsive: [\n\t\t\t\t\t\t\t{\n\t\t\t\t\t\t\t  breakpoint: 1026,\n\t\t\t\t\t\t\t  settings: {\n\t\t\t\t\t\t\t\tslidesToShow: 1,\n\t\t\t\t\t\t\t\tslidesToScroll: 1,  \n\t\t\t\t\t\t\t  }\n\t\t\t\t\t\t\t},\n\t\t\t\t\t\t\t{\n\t\t\t\t\t\t\t  breakpoint: 1025,\n\t\t\t\t\t\t\t  settings: {\n\t\t\t\t\t\t\t\tslidesToShow: 1,\n\t\t\t\t\t\t\t\tslidesToScroll: 1\n\t\t\t\t\t\t\t  }\n\t\t\t\t\t\t\t},\n\t\t\t\t\t\t\t{\n\t\t\t\t\t\t\t  breakpoint: 760,\n\t\t\t\t\t\t\t  settings: {\n\t\t\t\t\t\t\t\tslidesToShow: 1,\n\t\t\t\t\t\t\t\tslidesToScroll: 1\n\t\t\t\t\t\t\t  }\n\t\t\t\t\t\t\t}\n\t\t\t\t\t\t],pauseOnDotsHover: true,customPaging: function(slider, i) {\n                   return '<i type=\"button\" style= \"color:#333333;\" class=\"ultsl-record\" data-role=\"none\"><\/i>';\n                },});\n\t\t\t\t\t}\n\t\t\t\t});\n\t\t\t<\/script>\n\t\t\t[\/vc_column][vc_column width=&#8221;1\/2&#8243;]<div id=\"ultimate-heading-100069f840d376e5e\" class=\"uvc-heading ult-adjust-bottom-margin ultimate-heading-100069f840d376e5e uvc-1952 \" data-hspacer=\"no_spacer\"  data-halign=\"left\" style=\"text-align:left\"><div class=\"uvc-heading-spacer no_spacer\" style=\"top\"><\/div><div class=\"uvc-main-heading ult-responsive\"  data-ultimate-target='.uvc-heading.ultimate-heading-100069f840d376e5e h2'  data-responsive-json-new='{\"font-size\":\"desktop:25px;\",\"line-height\":\"\"}' ><h2 style=\"font-weight:normal;\">Bienvenue chez Bordeaux Finance Development <\/h2><\/div><\/div><div class=\"ult-spacer spacer-69f840d376ea3\" data-id=\"69f840d376ea3\" data-height=\"20\" data-height-mobile=\"20\" data-height-tab=\"20\" data-height-tab-portrait=\"\" data-height-mobile-landscape=\"\" style=\"clear:both;display:block;\"><\/div>[vc_column_text]<strong>Mission &amp; Vision<\/strong><\/p>\n<p>Notre mission: accompagner et conseiller nos clients pour optimiser leurs moyens financiers<\/p>\n<p><strong>Nos valeurs<\/strong><\/p>\n<ol>\n<li><strong>La confiance:<\/strong> nos voulons accompagner nos clients sur le long terme. Nous sommes d&#8217;abord int\u00e9ress\u00e9s par la personnalit\u00e9 de nos porteurs de projet, leurs passions. Nous n&#8217;avons pas r\u00e9ponse \u00e0 tout, vous avez des avis diff\u00e9rents, et souvent de meilleurs id\u00e9es. Une confiance r\u00e9ciproque permettra de faire avancer les projets sereinement.<\/li>\n<li><strong>L&#8217;honn\u00eatet\u00e9 intellectuelle:<\/strong> nous n&#8217;imaginons pas porter des projets auxquels nous ne croyons pas. De m\u00eame, certains projets m\u00eame int\u00e9ressants n&#8217;ont que peu de chance d&#8217;\u00eatre financ\u00e9s, nous estimons qu&#8217;il est important pour nous de vous avertir sur ces risques l\u00e0.<\/li>\n<li><strong>L&#8217;exigence:<\/strong> nous voulons apporter \u00e0 nos clients des conseils et un accompagnement haut de gamme \u00e0 travers des livrables de haut niveau. Nous sommes exigeants envers nos collaborateurs mais aussi nos clients, de m\u00eame que nous somme disponibles \u00e0 tout moment pour eux<\/li>\n<\/ol>\n<p>[\/vc_column_text][\/vc_column][\/vc_row][vc_row full_width=&#8221;stretch_row&#8221; el_class=&#8221;circle-line&#8221; css=&#8221;.vc_custom_1472914276640{background-color: #1e1e1e !important;background-position: 0 0 !important;background-repeat: repeat !important;}&#8221;][vc_column width=&#8221;2\/3&#8243;]<div class=\"ult-animation  ult-animate-viewport  ult-no-mobile \" data-animate=\"fadeInLeft\" data-animation-delay=\"0.5\" data-animation-duration=\"1\" data-animation-iteration=\"1\" style=\"opacity:0;\" data-opacity_start_effect=\"\"><div class=\"info-wrapper ult-adjust-bottom-margin\"><div id=\"info-circle-wrapper-69f840d376eed\" data-uniqid=\"69f840d376eed\" class=\"info-circle-wrapper  info-circle-responsive \" data-half-percentage=\"100\" data-circle-type=\"left-circle\"><div class=\"info-c-full-br\" style='border:1px dashed #3083c9;width:45%;opacity:0;' data-start-degree=\"90\" data-divert=\"\" data-info-circle-angle=\"90\" data-responsive-circle=\"on\" data-responsive-breakpoint=\"800\" data-launch=\"linear\" data-launch-duration=\"1\" data-launch-delay=\"0.2\" data-slide-true=\"on\" data-slide-duration=\"4\" data-icon-size=\"90\" data-icon-show=\"show\" data-icon-show-size=\"0\" data-highlight-style=\"info-circle-pulse\" data-focus-on=\"hover\"><div  class=\"icon-circle-list\"><div class=\"info-circle-icons  info-circle-icon-without-background \" style=\"\" ><img decoding=\"async\" class=\"info-circle-img-icon\" alt=\"null\" src=\"http:\/\/hoodthemes.com\/hood\/wp-content\/uploads\/2016\/04\/img4.png\"\/><\/div><div class=\"info-details\" data-icon-class=\"ult-info-circle-img\"><div class=\"info-circle-def\"><div  class=\"info-circle-sub-def\"><img decoding=\"async\" class=\"info-circle-img-icon\" alt=\"null\" src=\"http:\/\/hoodthemes.com\/hood\/wp-content\/uploads\/2016\/04\/img4.png\"\/><div class=\"responsive-font-class ult-responsive\" ><h3  data-ultimate-target='#info-cirlce-wrap-1715 .responsive-font-class h3.new-cust-responsive-class'  data-responsive-json-new='{\"font-size\":\"desktop:17px;\",\"line-height\":\"\"}'  class=\"info-circle-heading ult-responsive new-cust-responsive-class\" style=\"font-weight:normal;\">Susan Tylor<\/h3><div  class=\"info-circle-text \" style=\"font-weight:normal;\">Lorem ipsum dolor sit amet, consectetur adipiscing elit.<\/div><\/div><\/div><\/div><\/div><div class=\"info-circle-icons  info-circle-icon-without-background \" style=\"\" ><img decoding=\"async\" class=\"info-circle-img-icon\" alt=\"null\" src=\"http:\/\/hoodthemes.com\/hood\/wp-content\/uploads\/2016\/04\/img1.png\"\/><\/div><div class=\"info-details\" data-icon-class=\"ult-info-circle-img\"><div class=\"info-circle-def\"><div  class=\"info-circle-sub-def\"><img decoding=\"async\" class=\"info-circle-img-icon\" alt=\"null\" src=\"http:\/\/hoodthemes.com\/hood\/wp-content\/uploads\/2016\/04\/img1.png\"\/><div class=\"responsive-font-class ult-responsive\" ><h3  data-ultimate-target='#info-cirlce-wrap-1715 .responsive-font-class h3.new-cust-responsive-class'  data-responsive-json-new='{\"font-size\":\"desktop:17px;\",\"line-height\":\"\"}'  class=\"info-circle-heading ult-responsive new-cust-responsive-class\" style=\"font-weight:normal;\">Jack Tylor<\/h3><div  class=\"info-circle-text \" style=\"font-weight:normal;\">Lorem ipsum dolor sit amet, consectetur adipiscing elit.<\/div><\/div><\/div><\/div><\/div><div class=\"info-circle-icons  info-circle-icon-without-background \" style=\"\" ><img decoding=\"async\" class=\"info-circle-img-icon\" alt=\"null\" src=\"http:\/\/hoodthemes.com\/hood\/wp-content\/uploads\/2016\/04\/img2.png\"\/><\/div><div class=\"info-details\" data-icon-class=\"ult-info-circle-img\"><div class=\"info-circle-def\"><div  class=\"info-circle-sub-def\"><img decoding=\"async\" class=\"info-circle-img-icon\" alt=\"null\" src=\"http:\/\/hoodthemes.com\/hood\/wp-content\/uploads\/2016\/04\/img2.png\"\/><div class=\"responsive-font-class ult-responsive\" ><h3  data-ultimate-target='#info-cirlce-wrap-1715 .responsive-font-class h3.new-cust-responsive-class'  data-responsive-json-new='{\"font-size\":\"desktop:17px;\",\"line-height\":\"\"}'  class=\"info-circle-heading ult-responsive new-cust-responsive-class\" style=\"font-weight:normal;\">Lara Smith<\/h3><div  class=\"info-circle-text \" style=\"font-weight:normal;\">Lorem ipsum dolor sit amet, consectetur adipiscing elit.<\/div><\/div><\/div><\/div><\/div><div class=\"info-circle-icons  info-circle-icon-without-background \" style=\"\" ><img decoding=\"async\" class=\"info-circle-img-icon\" alt=\"null\" src=\"http:\/\/hoodthemes.com\/hood\/wp-content\/uploads\/2016\/04\/img3.png\"\/><\/div><div class=\"info-details\" data-icon-class=\"ult-info-circle-img\"><div class=\"info-circle-def\"><div  class=\"info-circle-sub-def\"><img decoding=\"async\" class=\"info-circle-img-icon\" alt=\"null\" src=\"http:\/\/hoodthemes.com\/hood\/wp-content\/uploads\/2016\/04\/img3.png\"\/><div class=\"responsive-font-class ult-responsive\" ><h3  data-ultimate-target='#info-cirlce-wrap-1715 .responsive-font-class h3.new-cust-responsive-class'  data-responsive-json-new='{\"font-size\":\"desktop:17px;\",\"line-height\":\"\"}'  class=\"info-circle-heading ult-responsive new-cust-responsive-class\" style=\"font-weight:normal;\">John Smith<\/h3><div  class=\"info-circle-text \" style=\"font-weight:normal;\">Lorem ipsum dolor sit amet, consectetur adipiscing elit.<\/div><\/div><\/div><\/div><\/div><div class=\"info-circle-icons suffix-remove\"><\/div><\/div><div id=\"info-cirlce-wrap-1715\" class=\"info-c-full\" style=\"border:6px solid #3083c9;background-color:#3083c9;color:#ffffff;width:70%;height:70%;margin:15%;\"><div class=\"info-c-full-wrap\"><\/div><\/div><\/div><div class=\"smile_icon_list_wrap \" data-content_bg=\"#3083c9\" data-content_color=\"#ffffff\">\n\t\t\t\t\t\t\t<ul id=\"info-cirlce-wrap-1715\" class=\"smile_icon_list left circle with_bg\"><li class=\"icon_list_item\" style=\"font-size:96px;\">\n\t\t\t\t\t\t\t\t\t<div class=\"icon_list_icon\" style=\"font-size:32px;width:32px;height:32px;line-height:1;\">\n\t\t\t\t\t\t\t\t\t\t<i class=\"smt-pencil\"><\/i>\n\t\t\t\t\t\t\t\t\t<\/div>\n\t\t\t\t\t\t\t\t\t<div  class=\"icon_description\" style=\"font-size:32px;\">\n\t\t\t\t\t\t\t\t\t\t<div class=\"responsive-font-class ult-responsive\"  data-ultimate-target='#info-cirlce-wrap-1715 .responsive-font-class *'  data-responsive-json-new='{\"font-size\":\"desktop:14px;\",\"line-height\":\"\"}'  style=\"font-weight:normal;\">\n\t\t\t\t\t\t\t\t\t\t\t<h3  data-ultimate-target='#info-cirlce-wrap-1715 .responsive-font-class h3.new-cust-responsive-class'  data-responsive-json-new='{\"font-size\":\"desktop:17px;\",\"line-height\":\"\"}'  class=\"ult-responsive new-cust-responsive-class\" style=\"font-weight:normal;\"><\/h3>\n\t\t\t\t\t\t\t\t\t\t\t<p><\/p>\n\t\t\t\t\t\t\t\t\t\t<\/div>\n\t\t\t\t\t\t\t\t\t<\/div>\n\t\t\t\t\t\t\t\t\t<div class=\"icon_list_connector\" style=\" border-style:dashed;border-color:#3083c9; left:16px; top:32px;\">\n\t\t\t\t\t\t\t\t\t<\/div><\/li><\/ul>\n\t\t\t\t\t\t<\/div><\/div><\/div><\/div>[\/vc_column][vc_column width=&#8221;1\/3&#8243;]<div class=\"ult-spacer spacer-69f840d377c14\" data-id=\"69f840d377c14\" data-height=\"200\" data-height-mobile=\"200\" data-height-tab=\"200\" data-height-tab-portrait=\"\" data-height-mobile-landscape=\"\" style=\"clear:both;display:block;\"><\/div><div class=\"ult-animation  ult-animate-viewport  ult-no-mobile \" data-animate=\"fadeInRight\" data-animation-delay=\"1\" data-animation-duration=\"1\" data-animation-iteration=\"1\" style=\"opacity:0;\" data-opacity_start_effect=\"\"><div id=\"ultimate-heading-815769f840d377c95\" class=\"uvc-heading ult-adjust-bottom-margin ultimate-heading-815769f840d377c95 uvc-7763 \" data-hspacer=\"no_spacer\"  data-halign=\"left\" style=\"text-align:left\"><div class=\"uvc-heading-spacer no_spacer\" style=\"top\"><\/div><div class=\"uvc-main-heading ult-responsive\"  data-ultimate-target='.uvc-heading.ultimate-heading-815769f840d377c95 h2'  data-responsive-json-new='{\"font-size\":\"desktop:29px;\",\"line-height\":\"\"}' ><h2 style=\"font-weight:normal;color:#ffffff;\">Rencontrer notre \u00e9quipe<\/h2><\/div><\/div><div class=\"ult-spacer spacer-69f840d377cb8\" data-id=\"69f840d377cb8\" data-height=\"20\" data-height-mobile=\"20\" data-height-tab=\"20\" data-height-tab-portrait=\"\" data-height-mobile-landscape=\"\" style=\"clear:both;display:block;\"><\/div>[vc_column_text]<span style=\"color: #ffffff;\">Nos professionnels sont tous des acteurs reconnus dans leur domaine (financement haut de bilan, financement propri\u00e9t\u00e9s viticoles, gestion de la donn\u00e9e personnelle, etc.)<\/span>[\/vc_column_text]<\/div>[\/vc_column][\/vc_row]<\/p>\n","protected":false},"excerpt":{"rendered":"<p>[vc_row gap=&#8221;35&#8243; padding_top=&#8221;60px&#8221; padding_bottom=&#8221;30px&#8221; css=&#8221;.vc_custom_1469444880858{padding-top: 30px !important;padding-bottom: 30px !important;}&#8221;][vc_column width=&#8221;1\/2&#8243;][\/vc_column][vc_column width=&#8221;1\/2&#8243;][vc_column_text]Mission &amp; Vision Notre mission: accompagner et conseiller nos clients pour optimiser leurs moyens financiers Nos valeurs La confiance: nos voulons accompagner nos clients sur le long terme. Nous sommes d&#8217;abord int\u00e9ress\u00e9s par la personnalit\u00e9 de nos porteurs de projet, leurs passions. Nous n&#8217;avons pas [&hellip;]<\/p>\n","protected":false},"author":1,"featured_media":0,"parent":0,"menu_order":0,"comment_status":"closed","ping_status":"closed","template":"","meta":{"_exactmetrics_skip_tracking":false,"_exactmetrics_sitenote_active":false,"_exactmetrics_sitenote_note":"","_exactmetrics_sitenote_category":0,"footnotes":""},"class_list":["post-5195","page","type-page","status-publish","hentry"],"yoast_head":"<!-- This site is optimized with the Yoast SEO plugin v25.5 - https:\/\/yoast.com\/wordpress\/plugins\/seo\/ -->\n<title>A propos | Le site de Bordeaux Finance D\u00e9veloppement BFD Partners<\/title>\n<meta name=\"description\" content=\"Levee de fonds, VC, seed, pour les PME, TPE et startups sur bordeaux et la r\u00e9gion aquitaine. accompagnement \u00e0 la direction financi\u00e8re\" \/>\n<meta name=\"robots\" content=\"index, follow, max-snippet:-1, max-image-preview:large, max-video-preview:-1\" \/>\n<link rel=\"canonical\" href=\"https:\/\/bfd-partners.com\/index.php\/about-us\/\" \/>\n<script type=\"application\/ld+json\" class=\"yoast-schema-graph\">{\"@context\":\"https:\/\/schema.org\",\"@graph\":[{\"@type\":\"BreadcrumbList\",\"@id\":\"https:\/\/bfd-partners.com\/index.php\/about-us\/#breadcrumb\",\"itemListElement\":[{\"@type\":\"ListItem\",\"position\":1,\"name\":\"Accueil\",\"item\":\"https:\/\/bfd-partners.com\/\"},{\"@type\":\"ListItem\",\"position\":2,\"name\":\"A propos\"}]}]}<\/script>\n<!-- \/ Yoast SEO plugin. -->","yoast_head_json":{"title":"A propos | Le site de Bordeaux Finance D\u00e9veloppement BFD Partners","description":"Levee de fonds, VC, seed, pour les PME, TPE et startups sur bordeaux et la r\u00e9gion aquitaine. accompagnement \u00e0 la direction financi\u00e8re","robots":{"index":"index","follow":"follow","max-snippet":"max-snippet:-1","max-image-preview":"max-image-preview:large","max-video-preview":"max-video-preview:-1"},"canonical":"https:\/\/bfd-partners.com\/index.php\/about-us\/","schema":{"@context":"https:\/\/schema.org","@graph":[{"@type":"BreadcrumbList","@id":"https:\/\/bfd-partners.com\/index.php\/about-us\/#breadcrumb","itemListElement":[{"@type":"ListItem","position":1,"name":"Accueil","item":"https:\/\/bfd-partners.com\/"},{"@type":"ListItem","position":2,"name":"A propos"}]}]}},"_links":{"self":[{"href":"https:\/\/bfd-partners.com\/index.php\/wp-json\/wp\/v2\/pages\/5195","targetHints":{"allow":["GET"]}}],"collection":[{"href":"https:\/\/bfd-partners.com\/index.php\/wp-json\/wp\/v2\/pages"}],"about":[{"href":"https:\/\/bfd-partners.com\/index.php\/wp-json\/wp\/v2\/types\/page"}],"author":[{"embeddable":true,"href":"https:\/\/bfd-partners.com\/index.php\/wp-json\/wp\/v2\/users\/1"}],"replies":[{"embeddable":true,"href":"https:\/\/bfd-partners.com\/index.php\/wp-json\/wp\/v2\/comments?post=5195"}],"version-history":[{"count":20,"href":"https:\/\/bfd-partners.com\/index.php\/wp-json\/wp\/v2\/pages\/5195\/revisions"}],"predecessor-version":[{"id":9700,"href":"https:\/\/bfd-partners.com\/index.php\/wp-json\/wp\/v2\/pages\/5195\/revisions\/9700"}],"wp:attachment":[{"href":"https:\/\/bfd-partners.com\/index.php\/wp-json\/wp\/v2\/media?parent=5195"}],"curies":[{"name":"wp","href":"https:\/\/api.w.org\/{rel}","templated":true}]}}